 thousands digit of 2799?
2
What is the hundreds digit of 1106?
1
What is the units digit of 752?
2
What is the tens digit of 18017?
1
What is the units digit of 114611?
1
What is the units digit of 2290?
0
What is the units digit of 3627?
7
What is the hundreds digit of 1336?
3
What is the units digit of 862?
2
What is the hundreds digit of 1823?
8
What is the thousands digit of 5426?
5
What is the units digit of 6600?
0
What is the thousands digit of 9860?
9
What is the thousands digit of 44689?
4
What is the tens digit of 1228?
2
What is the ten thousands digit of 33052?
3
What is the hundreds digit of 2198?
1
What is the hundreds digit of 2778?
7
What is the hundreds digit of 32703?
7
What is the units digit of 1057?
7
What is the tens digit of 995?
9
What is the hundreds digit of 12821?
8
What is the thousands digit of 7960?
7
What is the tens digit of 38574?
7
What is the tens digit of 797?
9
What is the ten thousands digit of 15927?
1
What is the hundreds digit of 3516?
5
What is the thousands digit of 7991?
7
What is the thousands digit of 3229?
3
What is the hundreds digit of 2510?
5
What is the tens digit of 112106?
0
What is the hundreds digit of 769?
7
What is the tens digit of 43937?
3
What is the thousands digit of 3805?
3
What is the hundreds digit of 2815?
8
What is the hundreds digit of 1811?
8
What is the tens digit of 7477?
7
What is the tens digit of 10689?
8
What is the thousands digit of 3372?
3
What is the hundreds digit of 4000?
0
What is the ten thousands digit of 36757?
3
What is the thousands digit of 23719?
3
What is the ten thousands digit of 15039?
1
What is the tens digit of 84?
8
What is the tens digit of 124?
2
What is the units digit of 710?
0
What is the hundreds digit of 154?
1
What is the units digit of 18345?
5
What is the hundreds digit of 875?
8
What is the thousands digit of 10035?
0
What is the thousands digit of 3746?
3
What is the thousands digit of 57076?
7
What is the units digit of 19925?
5
What is the tens digit of 1128?
2
What is the tens digit of 12973?
7
What is the units digit of 863?
3
What is the tens digit of 352?
5
What is the hundreds digit of 618?
6
What is the ten thousands digit of 30725?
3
What is the tens digit of 18885?
8
What is the tens digit of 17505?
0
What is the ten thousands digit of 11207?
1
What is the tens digit of 24879?
7
What is the units digit of 1115?
5
What is the tens digit of 39578?
7
What is the ten thousands digit of 29759?
2
What is the thousands digit of 11589?
1
What is the ten thousands digit of 41046?
4
What is the units digit of 193?
3
What is the tens digit of 1302?
0
What is the hundreds digit of 1703?
7
What is the hundreds digit of 47926?
9
What is the units digit of 14467?
7
What is the units digit of 1682?
2
What is the tens digit of 49972?
7
What is the units digit of 87563?
3
What is the units digit of 1041?
1
What is the units digit of 7847?
7
What is the hundreds digit of 137?
1
What is the units digit of 14355?
5
What is the thousands digit of 80385?
0
What is the ten thousands digit of 18970?
1
What is the hundreds digit of 2906?
9
What is the units digit of 8174?
4
What is the hundreds digit of 9165?
1
What is the units digit of 5282?
2
What is the tens digit of 32008?
0
What is the hundreds digit of 357?
3
What is the tens digit of 961?
6
What is the hundreds digit of 2554?
5
What is the ten thousands digit of 17922?
1
What is the units digit of 855?
5
What is the ten thousands digit of 39804?
3
What is the tens digit of 14653?
5
What is the tens digit of 11949?
4
What is the thousands digit of 6538?
6
What is the units digit of 1286?
6
What is the tens digit of 745?
4
What is the units digit of 4345?
5
What is the hundreds digit of 200474?
4
What is the thousands digit of 3989?
3
What is the hundreds digit of 452?
4
What is the units digit of 3289?
9
What is the tens digit of 1202?
0
What is the thousands digit of 11440?
1
What is the units digit of 1751?
1
What is the tens digit of 4181?
8
What is the tens digit of 8383?
8
What is the tens digit of 5059?
5
What is the hundreds digit of 944?
9
What is the hundreds digit of 589?
5
What is the hundreds digit of 1280?
2
What is the ten thousands digit of 21516?
2
What is the hundreds digit of 769?
7
What is the hundreds digit of 7930?
9
What is the thousands digit of 13196?
3
What is the hundreds digit of 617?
6
What is the thousands digit of 14110?
4
What is the hundred thousands digit of 114479?
1
What is the units digit of 15106?
6
What is the thousands digit of 9989?
9
What is the thousands digit of 58915?
8
What is the hundreds digit of 6760?
7
What is the thousands digit of 9977?
9
What is the hundreds digit of 135?
1
What is the units digit of 5542?
2
What is the tens digit of 473?
7
What is the units digit of 185?
5
What is the thousands digit of 16669?
6
What is the units digit of 3370?
0
What is the thousands digit of 51152?
1
What is the hundreds digit of 5798?
7
What is the tens digit of 3049?
4
What is the tens digit of 7442?
4
What is the tens digit of 45506?
0
What is the hundreds digit of 923?
9
What is the thousands digit of 51604?
1
What is the hundreds digit of 798?
7
What is the tens digit of 1029?
2
What is the units digit of 2572?
2
What is the units digit of 1037?
7
What is the units digit of 2652?
2
What is the thousands digit of 4084?
4
What is the hundreds digit of 2041?
0
What is the tens digit of 16206?
0
What is the hundreds digit of 1860?
8
What is the tens digit of 31661?
6
What is the thousands digit of 1017?
1
What is the hundreds digit of 638?
6
What is the tens digit of 3166?
6
What is the units digit of 3194?
4
What is the units digit of 2130?
0
What is the hundreds digit of 361?
3
What is the hundreds digit of 7112?
1
What is the units digit of 3484?
4
What is the hundreds digit of 176?
1
What is the units digit of 552?
2
What is the units digit of 1533?
3
What is the units digit of 978?
8
What is the thousands digit of 3805?
3
What is the tens digit of 3357?
5
What is the hundreds digit of 1429?
4
What is the tens digit of 2474?
7
What is the tens digit of 338?
3
What is the thousands digit of 1097?
1
What is the hundreds digit of 59457?
4
What is the tens digit of 2395?
9
What is the hundreds digit of 3326?
3
What is the ten thousands digit of 46094?
4
What is the tens digit of 618?
1
What is the hundreds digit of 37217?
2
What is the hundreds digit of 5501?
5
What is the hundreds digit of 749?
7
What is the tens digit of 21849?
4
What is the tens digit of 2434?
3
What is the ten thousands digit of 18242?
1
What is the hundreds digit of 729?
7
What is the hundreds digit of 41382?
3
What is the hundreds digit of 18002?
0
What is the units digit of 3375?
5
What is the hundreds digit of 2674?
6
What is the hundreds digit of 9594?
5
What is the tens digit of 7284?
8
What is the thousands digit of 5119?
5
What is the thousands digit of 11945?
1
What is the hundreds digit of 64273?
2
What is the thousands digit of 38105?
8
What is the ten thousands digit of 55202?
5
What is the units digit of 2400?
0
What is the thousands digit of 6102?
6
What is the hundreds digit of 942?
9
What is the hundreds digit of 999?
9
What is the hundreds digit of 11419?
4
What is the units digit of 21838?
8
What is the ten thousands digit of 29390?
2
What is the thousands digit of 107336?
7
What is the thousands digit of 2076?
2
What is the hundreds digit of 705?
7
What is the units digit of 491?
1
What is the units digit of 22999?
9
What is the thousands digit of 1655?
1
What is the hundreds digit of 3922?
9
What is the tens digit of 62057?
5
What is the tens digit of 7068?
6
What is the units digit of 743?
3
What is the hundreds digit of 8184?
1
What is the hundreds digit of 1517?
5
What is the thousands digit of 1233?
1
What is the thousands digit of 6191?
6
What is the tens digit of 211?
1
What is the hundreds digit of 4000?
0
What is the thousands digit of 3919?
3
What is the units digit of 18234?
4
What is the units digit of 1323?
3
What is the hundreds digit of 883?
8
What is the tens digit of 3155?
5
What is the tens digit of 48541?
4
What is the tens digit of 44393?
9
What is the thousands digit of 1914?
1
What is the hundreds digit of 427?
4
What is the ten thousands di